 11, 17, 103, 139
What are the prime factors of 97246646?
2, 7, 6946189
List the prime factors of 634761796.
2, 307, 516907
List the prime factors of 2587179932.
2, 23, 28121521
List the prime factors of 287065974.
2, 3, 13, 127, 28979
What are the prime factors of 20921511?
3, 13, 536449
List the prime factors of 14102789.
14102789
What are the prime factors of 1203136758?
2, 3, 277, 241303
List the prime factors of 35843152.
2, 2240197
What are the prime factors of 2304691607?
2083, 1106429
List the prime factors of 603852679.
603852679
What are the prime factors of 667044643?
23, 137, 211693
List the prime factors of 323921649.
3, 1453, 74311
What are the prime factors of 8187265715?
5, 1637453143
List the prime factors of 70638971.
13, 67, 81101
List the prime factors of 313252716.
2, 3, 7, 3729199
What are the prime factors of 9817788?
2, 3, 271, 3019
What are the prime factors of 1439277795?
3, 5, 1621, 6577
List the prime factors of 418516475.
5, 13, 1287743
What are the prime factors of 536751288?
2, 3, 7454879
List the prime factors of 42916681.
353, 121577
What are the prime factors of 500190436?
2, 59, 269, 7879
List the prime factors of 1952747976.
2, 3, 17, 4786147
What are the prime factors of 501852261?
3, 547, 305821
List the prime factors of 2895837830.
2, 5, 521, 555823
What are the prime factors of 2199097892?
2, 503, 1092991
What are the prime factors of 190436551?
43, 197, 22481
What are the prime factors of 75587821?
23, 3286427
List the prime factors of 14375577.
3, 4791859
What are the prime factors of 572203152?
2, 3, 3973633
List the prime factors of 40091934.
2, 3, 6681989
List the prime factors of 2094403.
23, 41, 2221
List the prime factors of 2828991725.
5, 7, 107, 113, 191
What are the prime factors of 58739769?
3, 11, 23, 8599
List the prime factors of 5718475389.
3, 11, 257, 674269
List the prime factors of 9375131.
9375131
List the prime factors of 2899970.
2, 5, 19, 15263
List the prime factors of 67055409.
3, 61, 67, 1823
List the prime factors of 45747498.
2, 3, 2203, 3461
List the prime factors of 45039948.
2, 3, 3753329
What are the prime factors of 830391786?
2, 3, 7, 127, 51893
List the prime factors of 328430887.
29, 79, 143357
What are the prime factors of 189273945?
3, 5, 7, 1802609
List the prime factors of 3645560960.
2, 5, 541, 10529
List the prime factors of 3380948905.
5, 29, 1907, 12227
List the prime factors of 632630515.
5, 11, 11502373
What are the prime factors of 1265506492?
2, 41, 7716503
What are the prime factors of 399322790?
2, 5, 113, 193, 1831
List the prime factors of 524222354.
2, 79, 193, 17191
What are the prime factors of 31973795?
5, 7, 23, 39719
List the prime factors of 3476620425.
3, 5, 46354939
List the prime factors of 50507508.
2, 3, 4208959
What are the prime factors of 410819786?
2, 13, 19, 831619
What are the prime factors of 3277078625?
5, 83, 263, 1201
List the prime factors of 190309735.
5, 7, 11, 181, 2731
List the prime factors of 1192454279.
1192454279
What are the prime factors of 3528736547?
7, 47, 10725643
What are the prime factors of 5918426622?
2, 3, 19, 2029, 2843
What are the prime factors of 196292820?
2, 3, 5, 3271547
What are the prime factors of 1173210519?
3, 13, 23, 1307927
What are the prime factors of 2546016444?
2, 3, 70722679
List the prime factors of 1312818491.
1312818491
What are the prime factors of 625283423?
31, 20170433
What are the prime factors of 2376348743?
2376348743
What are the prime factors of 8746403?
19, 460337
What are the prime factors of 54034920?
2, 3, 5, 150097
List the prime factors of 939382531.
193, 25219
What are the prime factors of 26347414?
2, 19, 693353
List the prime factors of 25283356.
2, 7, 902977
List the prime factors of 8783437.
13, 51973
What are the prime factors of 2867655874?
2, 389, 601, 6133
What are the prime factors of 7535729872?
2, 11, 1423, 30089
What are the prime factors of 96875080?
2, 5, 23, 29, 3631
What are the prime factors of 25251416?
2, 3156427
List the prime factors of 111606933.
3, 1733, 21467
What are the prime factors of 12756899?
647, 19717
What are the prime factors of 566997685?
5, 17, 2477, 2693
List the prime factors of 913437570.
2, 3, 5, 2731, 11149
What are the prime factors of 84705672?
2, 3, 41, 86083
List the prime factors of 1727975707.
1727975707
What are the prime factors of 4131831?
3, 11, 125207
List the prime factors of 6031904.
2, 233, 809
List the prime factors of 332279368.
2, 2221, 18701
What are the prime factors of 3753555078?
2, 3, 7, 13, 47, 107, 1367
List the prime factors of 454396774.
2, 13, 17, 1028047
List the prime factors of 3776988405.
3, 5, 251799227
What are the prime factors of 88421499?
3, 23, 347, 1231
List the prime factors of 290074279.
11, 26370389
List the prime factors of 164661593.
6329, 26017
What are the prime factors of 2656092784?
2, 17, 9765047
List the prime factors of 15549201.
3, 19, 90931
List the prime factors of 50428636.
2, 12607159
What are the prime factors of 520269625?
5, 4162157
What are the prime factors of 2537636844?
2, 3, 61, 71, 157, 311
List the prime factors of 111762734.
2, 55881367
List the prime factors of 4065288752.
2, 7, 36297221
List the prime factors of 1205308271.
3779, 318949
What are the prime factors of 7818216534?
2, 3, 23, 383, 49307
What are the prime factors of 293727558?
2, 3, 227, 215659
List the prime factors of 1917811406.
2, 7, 47, 2914607
What are the prime factors of 67484152?
2, 17, 37, 13411
What are the prime factors of 2366019732?
2, 3, 97, 2032663
What are the prime factors of 63731372?
2, 15932843
List the prime factors of 8635276812.
2, 3, 19501, 36901
List the prime factors of 1820637740.
2, 5, 91031887
List the prime factors of 1796829326.
2, 898414663
What are the prime factors of 4202924671?
11, 17, 197, 114089
What are the prime factors of 349428694?
2, 174714347
List the prime factors of 42671808.
2, 3, 23, 3221
What are the prime factors of 261724677?
3, 19, 4591661
What are the prime factors of 1592385137?
7, 227483591
List the prime factors of 641327971.
22621, 28351
List the prime factors of 50243111.
193, 439, 593
What are the prime factors of 363180129?
3, 13, 17, 233, 2351
List the prime factors of 602906556.
2, 3, 7, 19, 377761
What are the prime factors of 13603583?
7, 709, 2741
List the prime factors of 6318391102.
2, 61, 83, 623977
List the prime factors of 240737184.
2, 3, 83, 373
What are the prime factors of 91288648?
2, 11, 101, 10271
List the prime factors of 830051411.
7, 661, 179393
What are the prime factors of 1220822553?
3, 571, 712681
What are the prime factors of 1323895967?
1323895967
What are the prime factors of 42094886?
2, 21047443
What are the prime factors of 89469667?
7, 41, 257, 1213
What are the prime factors of 2155159890?
2, 3, 5, 13, 61, 30197
What are the prime factors of 3340022429?
31, 47, 101, 22697
What are the prime factors of 61642306?
2, 11, 17, 43, 3833
What are the prime factors of 24801735?
3, 5, 7, 236207
What are the prime factors of 12539395?
5, 11, 227989
List the prime factors of 29965445.
5, 5993089
List the prime factors of 50651562.
2, 3, 13, 649379
What are the prime factors of 144624559?
17, 500431
List the prime factors of 815861564.
2, 7, 1427, 2917
List the prime factors of 63454002.
2, 3, 1607, 6581
List the prime factors of 72009948.
2, 3, 6000829
What are the prime factors of 181115871?
3, 43, 229, 6131
What are the prime factors of 434454387?
3, 193, 750353
What are the prime factors of 536361208?
2, 479, 139969
What are the prime factors of 1738295121?
3, 16937, 34211
What are the prime factors of 186837578?
2, 173, 539993
List the prime factors of 42509600.
2, 5, 7, 7591
What are the prime factors of 361854030?
2, 3, 5, 43, 280507
What are the prime factors of 948862731?
3, 89, 3553793
List the prime factors of 13543811.
13543811
List the prime factors of 288160761.
3, 7, 17, 139, 5807
List the prime factors of 51195595.
5, 11, 19, 48991
What are the prime factors of 107387400?
2, 3, 5, 89, 2011
List the prime factors of 308382398.
2, 154191199
List the prime factors of 1289742635.
5, 257948527
What are the prime factors of 68329742?
2, 13, 29, 6971
What are the prime factors of 435079743?
3, 7, 20718083
List th